ate m(113).
30
Let x(c) = c**3 - 2*c**2 - 606*c + 7135. Calculate x(12).
1303
Let t(x) = -369*x - 24557. Determine t(-62).
-1679
Let w(q) = -78*q**3 - 47*q**2 + 40*q + 8. Calculate w(1).
-77
Let j(u) = u**3 - 9*u**2 - 3616*u + 28982. What is j(8)?
-10
Let b(r) = -2*r**2 - 445*r - 23436. Calculate b(-129).
687
Let k(l) = -2298*l**3 - 130997*l**2 - 628*l - 54. Give k(-57).
3
Let m(f) = 5*f**3 - 16*f**2 - 397*f + 1851. What is m(6)?
-27
Let c(l) = -2609*l - 349914. What is c(-134)?
-308
Let t(h) = -201*h + 5477. What is t(24)?
653
Let g(x) = -2*x**3 - 398*x**2 + 35*x - 1. What is g(0)?
-1
Let i(b) = -23600*b - 13381206. What is i(-567)?
-6
Let z(m) = m**3 - 60*m**2 - 728*m - 281. Determine z(-10).
-1
Let t(l) = l**3 - 77*l**2 + 1080*l - 1012. Calculate t(17).
8
Let w(s) = -3*s**2 + 433*s - 1267. What is w(139)?
957
Let c(f) = 3*f**2 - 23232*f + 139318. Give c(6).
34
Let b(u) = u**3 + 159*u**2 + 300*u - 2250. What is b(-157)?
-52
Let o(f) = 5*f**2 + 672*f + 371. Calculate o(-134).
103
Let i(v) = -v**3 + 310*v**2 - 12622*v + 12058. Give i(262).
6
Let d(b) = -4*b**2 + 30*b + 3631. Determine d(34).
27
Let n(m) = m**3 + 10*m**2 - 1146*m - 4670. What is n(-4)?
10
Let f(u) = -101311*u - 607862. Determine f(-6).
4
Let g(b) = 2*b**3 + 253*b**2 + 1729*b + 169261. Calculate g(-125).
11
Let s(j) = 24*j**2 - 2285*j - 42069. Determine s(111).
0
Let j(l) = 2*l**2 - 205*l + 4660. Give j(34).
2
Let x(k) = k**3 - 102*k**2 + 2481*k - 100. What is x(40)?
-60
Let z(b) = -b**3 - 318*b**2 - 2680*b - 647160. Give z(-316).
8
Let l(d) = -100*d + 638. What is l(4)?
238
Let y(i) = -i**3 + 29*i**2 + 1240*i - 758. What is y(-24)?
10
Let t(k) = 16192*k + 129719. Determine t(-8).
183
Let j(s) = 11372*s - 45613. Determine j(4).
-125
Let l(f) = -7*f**2 + 10887*f - 54467. Determine l(5).
-207
Let d(k) = -20*k**2 + 119*k + 1158. What is d(-7)?
-655
Let h(c) = -c**3 - 270*c**2 + 2941*c + 119955. Calculate h(-279).
-15
Let l(h) = -h**2 - 748*h - 13130. Determine l(-18).
10
Let i(d) = 4*d**2 + 117*d + 1022. Calculate i(-7).
399
Let d(k) = -40*k**2 + 4159*k + 10. Calculate d(104).
-94
Let q(c) = -274*c**2 + 10964*c - 99. Calculate q(40).
61
Let c(v) = -v**3 + 247*v**2 - 313*v + 16500. Determine c(246).
18
Let x(k) = -k**3 + 6*k**2 + 109*k - 656. Calculate x(0).
-656
Let w(n) = 912*n + 3702. Calculate w(-4).
54
Let d(w) = -2979*w + 26619. Give d(9).
-192
Let s(v) = -32458*v - 421966. Calculate s(-13).
-12
Let n(x) = 3*x**3 - 664*x**2 - 422*x - 4761. What is n(222)?
123
Let l(u) = -3*u**2 - 399*u + 4518. Determine l(11).
-234
Let k(h) = 2*h**3 - 19*h**2 + 41*h - 238. What is k(6)?
-244
Let b(v) = 8*v**3 + 18*v**2 - 5*v + 31. Determine b(-3).
-8
Let p(m) = 2*m**2 + 2488*m - 648. What is p(0)?
-648
Let i(w) = -2055*w**3 - 2*w**2 - 13*w + 12. Give i(1).
-2058
Let j(v) = 1989*v + 358011. Calculate j(-180).
-9
Let w(z) = -16070*z - 787430. Calculate w(-49).
0
Let g(m) = -287*m - 24683. Determine g(-86).
-1
Let d(v) = -538*v + 17757. Give d(33).
3
Let a(i) = -i**3 - 12*i**2 + 292*i + 3219. Determine a(-12).
-285
Let q(g) = -g**3 - 13*g**2 + 89*g - 13. Calculate q(-17).
-370
Let u(d) = -48*d**2 - 17005*d - 4600. What is u(-354)?
2
Let t(h) = -2*h**3 + 68*h**2 - 542*h + 24690. Calculate t(36).
-6
Let q(f) = 21*f**2 + 295*f - 79. Determine q(-15).
221
Let p(a) = -9763*a + 331931. Calculate p(34).
-11
Let i(x) = -19*x**2 - 402*x - 25. Give i(-21).
38
Let o(h) = 271*h**2 + 17586*h - 1884. Determine o(-65).
1
Let i(p) = -1438*p**2 - 61840*p - 281. Give i(-43).
-23
Let p(b) = b**3 + 162*b**2 - 1270*b - 18. Give p(8).
702
Let w(x) = x**3 - 17*x**2 - 70*x - 156. Determine w(23).
1408
Let l(m) = 2*m**3 + 1882*m**2 - 50284*m - 5. What is l(26)?
-5
Let b(p) = 12*p**2 - 1650*p - 7673. Determine b(142).
-5
Let y(d) = 4040*d**2 + 16158*d + 3. Calculate y(-4).
11
Let z(y) = 2075*y + 1799. What is z(-1)?
-276
Let j(u) = 2*u**3 - 298*u**2 - 129*u + 19200. Determine j(149).
-21
Let f(h) = h**3 - 92*h**2 - 189*h - 557. What is f(94)?
-651
Let q(o) = 5*o**2 + 13874*o - 1437391. What is q(100)?
9
Let j(o) = o**3 - 33*o**2 - 63*o + 1052. Calculate j(33).
-1027
Let u(l) = l**3 + 51*l**2 + 211*l - 573. Determine u(-46).
301
Let i(c) = -5042*c - 357990. Calculate i(-71).
-8
Let p(o) = -o**2 + 187*o - 729. Calculate p(183).
3
Let k(l) = -l**3 + 1089*l**2 - 15059*l - 20. Calculate k(14).
-146
Let f(h) = 20*h**2 + 2384*h + 2119. What is f(-119)?
1643
Let g(j) = -4*j**2 - 1675*j + 24264. Determine g(14).
30
Let z(b) = b**2 + 39925*b + 598613. Determine z(-15).
-37
Let d(j) = -295452*j - 3840868. Give d(-13).
8
Let w(k) = -k**2 - 138740*k + 3052758. Give w(22).
-6
Let u(g) = -16873*g - 167431. What is u(-10)?
1299
Let b(l) = 2*l**2 - 10*l - 85. Determine b(-8).
123
Let w(v) = -310988*v + 932983. Determine w(3).
19
Let r(l) = -2*l**2 - 318*l - 6885. Determine r(-26).
31
Let o(q) = 2808*q + 9674. What is o(-3)?
1250
Let j(b) = -7399*b + 540127. Determine j(73).
0
Let q(n) = -2*n + 205. Determine q(5).
195
Let s(a) = -1347*a + 250315. Give s(186).
-227
Let v(b) = -b**3 - 129*b**2 - 3238*b - 781. Determine v(-95).
-21
Let s(x) = 2934*x + 225927. Calculate s(-77).
9
Let z(s) = s**2 + 1748*s - 17547. Calculate z(10).
33
Let z(a) = 63*a**2 + 96*a + 42. Calculate z(6).
2886
Let a(p) = -32*p**3 + 1343*p**2 + 45*p - 108. Calculate a(42).
18
Let i(y) = -49943*y + 2646989. Determine i(53).
10
Let v(r) = 2*r**3 + 187*r**2 + 91*r + 268. Give v(-93).
454
Let p(d) = 7*d**2 + 628*d + 1103. Calculate p(-88).
47
Let w(a) = -a**3 + 8*a**2 - 1955*a + 15593. Determine w(8).
-47
Let l(n) = -42249*n - 42882732. Determine l(-1015).
3
Let d(p) = 1980*p + 1509. Give d(-1).
-471
Let a(o) = 4*o**3 - 82*o**2 + 77*o + 2. Give a(18).
-1852
Let v(z) = 4*z**3 + 17*z**2 + 37*z + 331. Determine v(-8).
-925
Let q(c) = -c**3 - 53*c**2 - 169*c - 127. What is q(-49)?
-1450
Let b(m) = 27514*m + 275136. Give b(-10).
-4
Let s(l) = l**2 - 139*l - 15470. What is s(212)?
6
Let a(n) = -2*n**3 - 226*n**2 - 1060*n + 1953. Determine a(-108).
-207
Let w(y) = -3*y**3 - 1110*y**2 - 22985*y - 379. Give w(-22).
-5
Let j(b) = -3*b**2 - 1139*b + 110320. What is j(80)?
0
Let l(n) = 7299*n - 160509. Determine l(22).
69
Let a(g) = -65*g + 3852. What is a(65)?
-373
Let u(m) = 5*m**3 - 144*m**2 - 32*m + 116. What is u(29)?
29
Let w(q) = -2*q**3 + 543*q**2 + 324*q - 14069. What is w(272)?
75
Let x(j) = j**3 - 10*j**2 - 301*j + 1157. Give x(4).
-143
Let j(u) = 13*u**3 - 48*u**2 + 68*u - 12. Determine j(5).
753
Let l(b) = 2453*b - 68883. Calculate l(28).
-199
Let i(y) = 35*y**2 + 101*y - 323. Determine i(4).
641
Let h(v) = -4*v**3 + 69*v**2 - 204*v + 304. Give h(14).
-4
Let t(m) = -27*m**2 + 130*m - 12. Calculate t(3).
135
Let b(t) = -3*t**2 + 228361*t - 685072. What is b(3)?
-16
Let t(b) = -36*b**2 - 848*b + 1286. Calculate t(-25).
-14
Let l(j) = 5*j**2 - 81*j - 717. Determine l(-8).
251
Let n(y) = 166*y + 10641. What is n(-62)?
349
Let g(o) = -2086*o + 31286. What is g(15)?
-4
Let v(j) = 2*j**3 - 58*j**2 + 67*j + 266. Determine v(3).
-1
Let b(g) = -6*g**2 + 1801*g + 22146. Give b(312).
-6
Let q(n) = n**2 + 13079*n - 117789. Give q(9).
3
Let h(s) = 67*s**2 - 3961*s + 58381. Calculate h(28).
1
Let z(t) = t**3 + 59*t**2 - 534*t - 43420. What is z(-54)?
-4
Let d(z) = 24848*z - 124261. Calculate d(5).
-21
Let k(b) = -5*b**3 + 204*b**2 - 351*b - 34. Determine k(39).
-34
Let x(l) = 3502*l + 111956. Give x(-32).
-108
Let o(w) = 10*w**2 + 68*w + 70. Give o(-8).
166
Let i(b) = 4*b**2 - 9694*b - 146311. Give i(-15).
-1
Let k(y) = -66*y**2 - 345*y - 15. Calculate k(-5).
60
Let x(m) = m**3 - 11*m**2 + 127*m - 1068. Calculate x(9).
-87
Let s(j) = j**3 - j**2 - 1678*j - 143. Give s(0).
-143
Let u(f) = f**2 + 73*f - 378. Give u(-81).
270
Let d(c) = 709*c + 64522. Give d(-91).
3
Let u(i) = 6*i**2 + 435*i - 32219. Determine u(-118).
-5
Let h(q) = 46*q**2 + 1209*q + 2249. Calculate h(-2).
15
Let o(z) = 37*z**2 + 1102*z - 95. Give o(-32).
2529
Let f(y) = y**2 + 14*y + 94. Determine f(20).
774
Let p(d) = -d**2 - 48*d + 469. Give p(23).
-1164
Let v(x) = -x**3 - 28*x**2 + 23. Give v(-27).
-706
Let p(m) = -2*m**3 + 35*m**2 + 221*m + 733. Determine p(23).
-3
Let s(g) = 6*g**2 - 1416*g - 17820. What is s(-12)?
36
Let p(x) = 13*x**2 + 59*x + 108. Calculate p(-13).
1538
Let p(f) = -61*f + 12566. Give p(206).